 ten millions digit of 242351388?
4
What is the hundred thousands digit of 674751071?
7
What is the thousands digit of 142062354?
2
What is the ten thousands digit of 1525486432?
8
What is the ten millions digit of 145894430?
4
What is the thousands digit of 7067291710?
1
What is the tens digit of 307848571?
7
What is the ten thousands digit of 974532?
7
What is the ten thousands digit of 693319138?
1
What is the hundreds digit of 13960710?
7
What is the millions digit of 40512620?
0
What is the units digit of 80595506?
6
What is the ten thousands digit of 3128947650?
4
What is the millions digit of 208948430?
8
What is the millions digit of 503762269?
3
What is the tens digit of 12310116?
1
What is the ten millions digit of 408653095?
0
What is the thousands digit of 1500757540?
7
What is the ten thousands digit of 143870355?
7
What is the billions digit of 4676001341?
4
What is the ten millions digit of 3107382648?
0
What is the tens digit of 66996406?
0
What is the ten millions digit of 364070033?
6
What is the thousands digit of 225428964?
8
What is the hundred thousands digit of 180153466?
1
What is the hundred thousands digit of 4120776241?
7
What is the tens digit of 48348551?
5
What is the billions digit of 2748851930?
2
What is the tens digit of 55084572?
7
What is the ten thousands digit of 68557360?
5
What is the tens digit of 1462852445?
4
What is the tens digit of 285246147?
4
What is the hundred thousands digit of 55957041?
9
What is the hundred millions digit of 194166701?
1
What is the hundred thousands digit of 31974358?
9
What is the tens digit of 80205972?
7
What is the ten millions digit of 1196379823?
9
What is the hundred thousands digit of 93105282?
1
What is the hundred millions digit of 4295882771?
2
What is the hundreds digit of 297868178?
1
What is the hundred millions digit of 559451029?
5
What is the units digit of 125208694?
4
What is the millions digit of 2686785278?
6
What is the thousands digit of 555002743?
2
What is the ten thousands digit of 96402864?
0
What is the thousands digit of 81783949?
3
What is the millions digit of 52224297?
2
What is the tens digit of 521237818?
1
What is the hundreds digit of 1766260881?
8
What is the tens digit of 165881074?
7
What is the hundreds digit of 73557837?
8
What is the millions digit of 205595170?
5
What is the units digit of 53329547?
7
What is the ten millions digit of 482017101?
8
What is the hundred thousands digit of 2333442276?
4
What is the ten millions digit of 29454568?
2
What is the hundred thousands digit of 821142798?
1
What is the units digit of 212048025?
5
What is the ten thousands digit of 292374560?
7
What is the hundred thousands digit of 15348615?
3
What is the thousands digit of 350198706?
8
What is the ten thousands digit of 1656918567?
1
What is the tens digit of 1176710061?
6
What is the ten millions digit of 62879703?
6
What is the ten thousands digit of 1585743417?
4
What is the hundred thousands digit of 243636484?
6
What is the thousands digit of 695392996?
2
What is the tens digit of 22424226?
2
What is the hundred thousands digit of 1765510835?
5
What is the millions digit of 604775430?
4
What is the millions digit of 2027922295?
7
What is the ten millions digit of 255546380?
5
What is the thousands digit of 23068504?
8
What is the ten millions digit of 2484344319?
8
What is the ten thousands digit of 1307223180?
2
What is the ten thousands digit of 5158312046?
1
What is the millions digit of 291181107?
1
What is the tens digit of 49505244?
4
What is the thousands digit of 228326329?
6
What is the billions digit of 7837843230?
7
What is the ten millions digit of 15291521?
1
What is the millions digit of 480926006?
0
What is the units digit of 13178155?
5
What is the units digit of 2481822873?
3
What is the tens digit of 568693457?
5
What is the hundred thousands digit of 132791442?
7
What is the units digit of 457810828?
8
What is the billions digit of 3585681078?
3
What is the units digit of 491874483?
3
What is the thousands digit of 1879136793?
6
What is the thousands digit of 799890451?
0
What is the hundred thousands digit of 219275987?
2
What is the hundred thousands digit of 7731923?
7
What is the units digit of 4594158721?
1
What is the hundred thousands digit of 66771619?
7
What is the hundred millions digit of 314091541?
3
What is the hundreds digit of 4188962870?
8
What is the units digit of 1935811748?
8
What is the millions digit of 21217752?
1
What is the hundreds digit of 98033176?
1
What is the thousands digit of 170929079?
9
What is the hundred millions digit of 485795239?
4
What is the hundred millions digit of 153010621?
1
What is the hundred thousands digit of 117746675?
7
What is the billions digit of 5735354621?
5
What is the millions digit of 459996086?
9
What is the thousands digit of 50738825?
8
What is the ten thousands digit of 119201999?
0
What is the units digit of 149401182?
2
What is the thousands digit of 32421298?
1
What is the thousands digit of 156592541?
2
What is the billions digit of 1474688317?
1
What is the units digit of 34806501?
1
What is the units digit of 19798553?
3
What is the units digit of 195890804?
4
What is the thousands digit of 440976016?
6
What is the millions digit of 24788276?
4
What is the hundred thousands digit of 1593959047?
9
What is the hundreds digit of 1006577383?
3
What is the hundreds digit of 393890065?
0
What is the hundred thousands digit of 2865297451?
2
What is the hundred millions digit of 2352168495?
3
What is the hundred thousands digit of 52042516?
0
What is the hundred millions digit of 721347401?
7
What is the tens digit of 1185601916?
1
What is the billions digit of 1220070256?
1
What is the ten millions digit of 158539712?
5
What is the ten millions digit of 668239100?
6
What is the thousands digit of 4983700634?
0
What is the units digit of 2495890516?
6
What is the hundred thousands digit of 359707092?
7
What is the millions digit of 189305111?
9
What is the ten thousands digit of 63995699?
9
What is the hundreds digit of 40800869?
8
What is the ten millions digit of 1078910373?
7
What is the ten millions digit of 89678911?
8
What is the units digit of 2322204253?
3
What is the tens digit of 2088150141?
4
What is the ten millions digit of 588349226?
8
What is the hundred thousands digit of 91214637?
2
What is the hundred thousands digit of 36255345?
2
What is the tens digit of 3623158261?
6
What is the ten thousands digit of 16075785?
7
What is the thousands digit of 4745758277?
8
What is the millions digit of 546112261?
6
What is the hundreds digit of 2869607620?
6
What is the hundred millions digit of 349130713?
3
What is the ten millions digit of 7473428991?
7
What is the tens digit of 25468165?
6
What is the ten millions digit of 96901287?
9
What is the hundred thousands digit of 59554707?
5
What is the thousands digit of 237183887?
3
What is the units digit of 119340402?
2
What is the ten millions digit of 42986555?
4
What is the ten millions digit of 37384886?
3
What is the hundred millions digit of 612238233?
6
What is the billions digit of 1850231980?
1
What is the ten thousands digit of 133694691?
9
What is the hundred millions digit of 1532017231?
5
What is the hundred millions digit of 316729198?
3
What is the ten thousands digit of 104554837?
5
What is the hundreds digit of 721140746?
7
What is the millions digit of 5608971?
5
What is the ten millions digit of 36167017?
3
What is the hundred thousands digit of 52932800?
9
What is the millions digit of 189707800?
9
What is the hundred thousands digit of 4162480?
1
What is the ten millions digit of 64503827?
6
What is the thousands digit of 3107968959?
8
What is the hundred millions digit of 1013098427?
0
What is the units digit of 2034353753?
3
What is the hundred thousands digit of 700995469?
9
What is the hundreds digit of 1856966374?
3
What is the tens digit of 51950986?
8
What is the hundreds digit of 159890617?
6
What is the billions digit of 3205680756?
3
What is the hundred millions digit of 273021235?
2
What is the millions digit of 311185097?
1
What is the billions digit of 2526038528?
2
What is the ten thousands digit of 99334556?
3
What is the hundred thousands digit of 11278495?
2
